{"id":85,"date":"2025-10-08T16:14:38","date_gmt":"2025-10-08T14:14:38","guid":{"rendered":"https:\/\/brindours.com\/?page_id=85"},"modified":"2025-10-22T09:32:23","modified_gmt":"2025-10-22T07:32:23","slug":"__trashed","status":"publish","type":"page","link":"https:\/\/brindours.com\/","title":{"rendered":"D\u00e9couvrez nos jouets en bois fabriqu\u00e9s en France"},"content":{"rendered":"\n<div style=\"height:42px\" aria-hidden=\"true\" class=\"wp-block-spacer\"><\/div>\n\n\n\n<figure class=\"wp-block-image alignwide size-full is-style-rounded is-style-rounded--1\"><img loading=\"lazy\" decoding=\"async\" width=\"1951\" height=\"911\" src=\"https:\/\/brindours.com\/wp-content\/uploads\/2025\/10\/bandeau-animaux-de-la-foret.jpg\" alt=\"\" class=\"wp-image-13\" srcset=\"https:\/\/brindours.com\/wp-content\/uploads\/2025\/10\/bandeau-animaux-de-la-foret.jpg 1951w, https:\/\/brindours.com\/wp-content\/uploads\/2025\/10\/bandeau-animaux-de-la-foret-300x140.jpg 300w, https:\/\/brindours.com\/wp-content\/uploads\/2025\/10\/bandeau-animaux-de-la-foret-1024x478.jpg 1024w, https:\/\/brindours.com\/wp-content\/uploads\/2025\/10\/bandeau-animaux-de-la-foret-768x359.jpg 768w, https:\/\/brindours.com\/wp-content\/uploads\/2025\/10\/bandeau-animaux-de-la-foret-1536x717.jpg 1536w\" sizes=\"auto, (max-width: 1951px) 100vw, 1951px\" \/><\/figure>\n\n\n\n<div style=\"height:42px\" aria-hidden=\"true\" class=\"wp-block-spacer\"><\/div>\n\n\n\n<div class=\"wp-block-group alignfull has-background has-global-padding is-layout-constrained wp-container-core-group-is-layout-669513ed wp-block-group-is-layout-constrained\" style=\"background-color:#8cb4d1;margin-top:0;margin-bottom:0;padding-top:var(--wp--preset--spacing--50);padding-right:var(--wp--preset--spacing--50);padding-bottom:var(--wp--preset--spacing--50);padding-left:var(--wp--preset--spacing--50)\">\n<div class=\"wp-block-group is-vertical is-content-justification-center is-layout-flex wp-container-core-group-is-layout-52b864f0 wp-block-group-is-layout-flex\">\n<p class=\"has-text-align-center has-medium-font-size\"><strong>Des jouets doux pour les yeux et pour les petites mains<\/strong><\/p>\n\n\n\n<div style=\"height:0px\" aria-hidden=\"true\" class=\"wp-block-spacer wp-container-content-4f2ccadb\"><\/div>\n\n\n\n<p class=\"has-text-align-center\">Tous nos jouets ont \u00e9t\u00e9 pens\u00e9s en observant la nature qui nous entoure. <br>Nous avons voulu retranscrire la douceur, les couleurs et la diversit\u00e9 des animaux et des arbres qui composent notre environnement afin que chaque moment de jeu vous ram\u00e8ne un peu \u00e0 eux sans oublier que nous partageons ce monde.<\/p>\n<\/div>\n\n\n\n<div style=\"margin-top:0;margin-bottom:0;height:var(--wp--preset--spacing--40)\" aria-hidden=\"true\" class=\"wp-block-spacer\"><\/div>\n\n\n\n<div class=\"wp-block-columns alignwide is-layout-flex wp-container-core-columns-is-layout-d0bbbce0 wp-block-columns-is-layout-flex\">\n<div class=\"wp-block-column is-layout-flow wp-container-core-column-is-layout-e3d1c41b wp-block-column-is-layout-flow\">\n<p class=\"has-text-align-left\"><strong>Des jouets sains<\/strong><\/p>\n\n\n\n<p class=\"has-text-align-left\">En partant du bois qui provient de nos for\u00eats fran\u00e7aises jusqu&#8217;aux peintures qui viennent de nos voisins allemands, nous choisissons volontairement de travailler avec les mati\u00e8res et les produits les plus sains, et non pas les plus rentables.<\/p>\n<\/div>\n\n\n\n<div class=\"wp-block-column is-layout-flow wp-container-core-column-is-layout-e3d1c41b wp-block-column-is-layout-flow\">\n<p class=\"has-text-align-left\"><strong>Des jouets test\u00e9s<\/strong><\/p>\n\n\n\n<p class=\"has-text-align-left\">Nos jouets sont test\u00e9s par un laboratoire ind\u00e9pendant et sont conformes \u00e0 la directive europ\u00e9enne 2009\/48\/CE relative \u00e0 la s\u00e9curit\u00e9 des jouets (propri\u00e9t\u00e9s m\u00e9caniques et physiques, inflammabilit\u00e9, migration de substances chimiques).<\/p>\n<\/div>\n\n\n\n<div class=\"wp-block-column is-layout-flow wp-container-core-column-is-layout-e3d1c41b wp-block-column-is-layout-flow\">\n<p class=\"has-text-align-left\"><strong>Minimiser notre impact<\/strong><\/p>\n\n\n\n<p class=\"has-text-align-left\">Une bonne gestion de nos mati\u00e8res premi\u00e8res et de nos d\u00e9chets permet de limiter notre impact environnemental. Nos chutes de bois sont r\u00e9utilis\u00e9s pour le chauffage et la peinture \u00e9tant appliqu\u00e9e au pinceau, nous en consommons tr\u00e8s peu contrairement \u00e0 des techniques comme le trempage ou le pistolet.<\/p>\n<\/div>\n<\/div>\n\n\n\n<div style=\"height:var(--wp--preset--spacing--20)\" aria-hidden=\"true\" class=\"wp-block-spacer\"><\/div>\n\n\n\n<div class=\"wp-block-columns alignwide is-layout-flex wp-container-core-columns-is-layout-d0bbbce0 wp-block-columns-is-layout-flex\">\n<div class=\"wp-block-column is-layout-flow wp-container-core-column-is-layout-e3d1c41b wp-block-column-is-layout-flow\">\n<p class=\"has-text-align-left\"><strong>Des mati\u00e8res premi\u00e8res naturelles et recyclables<\/strong><\/p>\n\n\n\n<p class=\"has-text-align-left\">Le bois, le bois, encore du bois. C&#8217;est la mati\u00e8re principale de nos jouets mais \u00e9galement de nos emballages (en version papier et carton), de nos \u00e9l\u00e9ments de d\u00e9coration et de notre chalet de no\u00ebl ! Son \u00e9norme avantage c&#8217;est qu&#8217;on le trouve facilement en France, c&#8217;est un produit brut, non transform\u00e9 et il se r\u00e9utilise et se recycle tr\u00e8s bien.<\/p>\n<\/div>\n\n\n\n<div class=\"wp-block-column is-layout-flow wp-container-core-column-is-layout-e3d1c41b wp-block-column-is-layout-flow\">\n<p class=\"has-text-align-left\"><strong>Un packaging \u00e9pur\u00e9<\/strong><\/p>\n\n\n\n<p class=\"has-text-align-left\">Nous avons volontairement fait le choix d&#8217;un packaging minimaliste, bas\u00e9 exclusivement sur le carton et le papier, en r\u00e9duisant au maximum leur production et en limitant les impressions. Sans vouloir b\u00e2cler l&#8217;\u00e9crin de nos jouets, nous souhaitons mettre l&#8217;accent plus sur le contenu que le contenant, alors on l&#8217;utilise avec parcimonie.<\/p>\n<\/div>\n\n\n\n<div class=\"wp-block-column is-layout-flow wp-container-core-column-is-layout-e3d1c41b wp-block-column-is-layout-flow\">\n<p class=\"has-text-align-left\"><strong>Une production \u00e0 \u00e9chelle humaine<\/strong><\/p>\n\n\n\n<p class=\"has-text-align-left\">Apr\u00e8s s&#8217;\u00eatre frott\u00e9 pendant un temps \u00e0 divers canaux de vente, nous sommes revenus \u00e0 l&#8217;essentiel : l&#8217;artisanat et la vente en direct. La vente en direct est un super stimulant pour nous et un \u00e9change de qualit\u00e9 pour vous. On a conscience que c&#8217;est contraignant et restrictif, mais c&#8217;est en coh\u00e9rence avec notre capacit\u00e9 de fabrication et nos valeurs.<\/p>\n<\/div>\n<\/div>\n\n\n\n<div style=\"height:35px\" aria-hidden=\"true\" class=\"wp-block-spacer\"><\/div>\n\n\n\n<figure class=\"wp-block-gallery has-nested-images columns-default is-cropped wp-block-gallery-4 is-layout-flex wp-block-gallery-is-layout-flex\">\n<figure class=\"wp-block-image size-large is-style-rounded is-style-rounded--2\"><img loading=\"lazy\" decoding=\"async\" width=\"1024\" height=\"1024\" data-id=\"286\" src=\"https:\/\/brindours.com\/wp-content\/uploads\/2025\/10\/ecojouet-1024x1024.jpg\" alt=\"\" class=\"wp-image-286\" srcset=\"https:\/\/brindours.com\/wp-content\/uploads\/2025\/10\/ecojouet-1024x1024.jpg 1024w, https:\/\/brindours.com\/wp-content\/uploads\/2025\/10\/ecojouet-300x300.jpg 300w, https:\/\/brindours.com\/wp-content\/uploads\/2025\/10\/ecojouet-150x150.jpg 150w, https:\/\/brindours.com\/wp-content\/uploads\/2025\/10\/ecojouet-768x768.jpg 768w, https:\/\/brindours.com\/wp-content\/uploads\/2025\/10\/ecojouet-1536x1536.jpg 1536w, https:\/\/brindours.com\/wp-content\/uploads\/2025\/10\/ecojouet.jpg 2000w\" sizes=\"auto, (max-width: 1024px) 100vw, 1024px\" \/><\/figure>\n\n\n\n<figure class=\"wp-block-image size-large is-style-rounded is-style-rounded--3\"><img loading=\"lazy\" decoding=\"async\" width=\"1024\" height=\"1024\" data-id=\"287\" src=\"https:\/\/brindours.com\/wp-content\/uploads\/2025\/10\/fabriquation-francaise-1024x1024.jpg\" alt=\"\" class=\"wp-image-287\" srcset=\"https:\/\/brindours.com\/wp-content\/uploads\/2025\/10\/fabriquation-francaise-1024x1024.jpg 1024w, https:\/\/brindours.com\/wp-content\/uploads\/2025\/10\/fabriquation-francaise-300x300.jpg 300w, https:\/\/brindours.com\/wp-content\/uploads\/2025\/10\/fabriquation-francaise-150x150.jpg 150w, https:\/\/brindours.com\/wp-content\/uploads\/2025\/10\/fabriquation-francaise-768x768.jpg 768w, https:\/\/brindours.com\/wp-content\/uploads\/2025\/10\/fabriquation-francaise-1536x1536.jpg 1536w, https:\/\/brindours.com\/wp-content\/uploads\/2025\/10\/fabriquation-francaise.jpg 2000w\" sizes=\"auto, (max-width: 1024px) 100vw, 1024px\" \/><\/figure>\n<\/figure>\n<\/div>\n\n\n\n<div class=\"wp-block-group alignfull has-global-padding is-layout-constrained wp-container-core-group-is-layout-32a46761 wp-block-group-is-layout-constrained\" style=\"margin-top:0;margin-bottom:0;padding-top:var(--wp--preset--spacing--40);padding-right:var(--wp--preset--spacing--50);padding-bottom:var(--wp--preset--spacing--40);padding-left:var(--wp--preset--spacing--50)\">\n<div class=\"wp-block-group alignwide is-layout-flow wp-container-core-group-is-layout-a77db08e wp-block-group-is-layout-flow\">\n<figure class=\"wp-block-gallery has-nested-images columns-2 is-cropped wp-block-gallery-8 is-layout-flex wp-block-gallery-is-layout-flex\">\n<figure class=\"wp-block-image size-large is-style-rounded is-style-rounded--5\"><img loading=\"lazy\" decoding=\"async\" width=\"1024\" height=\"1024\" data-id=\"328\" src=\"https:\/\/brindours.com\/wp-content\/uploads\/2025\/10\/Automne-1024x1024.webp\" alt=\"\" class=\"wp-image-328\" srcset=\"https:\/\/brindours.com\/wp-content\/uploads\/2025\/10\/Automne-1024x1024.webp 1024w, https:\/\/brindours.com\/wp-content\/uploads\/2025\/10\/Automne-300x300.webp 300w, https:\/\/brindours.com\/wp-content\/uploads\/2025\/10\/Automne-150x150.webp 150w, https:\/\/brindours.com\/wp-content\/uploads\/2025\/10\/Automne-768x768.webp 768w, https:\/\/brindours.com\/wp-content\/uploads\/2025\/10\/Automne-1536x1536.webp 1536w, https:\/\/brindours.com\/wp-content\/uploads\/2025\/10\/Automne-2048x2048.webp 2048w\" sizes=\"auto, (max-width: 1024px) 100vw, 1024px\" \/><\/figure>\n\n\n\n<figure class=\"wp-block-image size-large is-style-rounded is-style-rounded--6\"><img loading=\"lazy\" decoding=\"async\" width=\"1024\" height=\"1024\" data-id=\"329\" src=\"https:\/\/brindours.com\/wp-content\/uploads\/2025\/10\/Poules-1024x1024.webp\" alt=\"\" class=\"wp-image-329\" srcset=\"https:\/\/brindours.com\/wp-content\/uploads\/2025\/10\/Poules-1024x1024.webp 1024w, https:\/\/brindours.com\/wp-content\/uploads\/2025\/10\/Poules-300x300.webp 300w, https:\/\/brindours.com\/wp-content\/uploads\/2025\/10\/Poules-150x150.webp 150w, https:\/\/brindours.com\/wp-content\/uploads\/2025\/10\/Poules-768x768.webp 768w, https:\/\/brindours.com\/wp-content\/uploads\/2025\/10\/Poules-1536x1536.webp 1536w, https:\/\/brindours.com\/wp-content\/uploads\/2025\/10\/Poules-2048x2048.webp 2048w\" sizes=\"auto, (max-width: 1024px) 100vw, 1024px\" \/><\/figure>\n\n\n\n<figure class=\"wp-block-image size-large is-style-rounded is-style-rounded--7\"><img loading=\"lazy\" decoding=\"async\" width=\"1024\" height=\"478\" data-id=\"12\" src=\"https:\/\/brindours.com\/wp-content\/uploads\/2025\/10\/bandeau-animaux-de-la-ferme-1024x478.jpg\" alt=\"\" class=\"wp-image-12\" srcset=\"https:\/\/brindours.com\/wp-content\/uploads\/2025\/10\/bandeau-animaux-de-la-ferme-1024x478.jpg 1024w, https:\/\/brindours.com\/wp-content\/uploads\/2025\/10\/bandeau-animaux-de-la-ferme-300x140.jpg 300w, https:\/\/brindours.com\/wp-content\/uploads\/2025\/10\/bandeau-animaux-de-la-ferme-768x359.jpg 768w, https:\/\/brindours.com\/wp-content\/uploads\/2025\/10\/bandeau-animaux-de-la-ferme-1536x717.jpg 1536w, https:\/\/brindours.com\/wp-content\/uploads\/2025\/10\/bandeau-animaux-de-la-ferme.jpg 1951w\" sizes=\"auto, (max-width: 1024px) 100vw, 1024px\" \/><\/figure>\n<\/figure>\n\n\n\n<div style=\"height:20px\" aria-hidden=\"true\" class=\"wp-block-spacer\"><\/div>\n\n\n\n<figure class=\"wp-block-gallery has-nested-images columns-1 is-cropped wp-block-gallery-11 is-layout-flex wp-block-gallery-is-layout-flex\">\n<figure class=\"wp-block-image size-large is-style-rounded is-style-rounded--9\"><img loading=\"lazy\" decoding=\"async\" width=\"1024\" height=\"478\" data-id=\"15\" src=\"https:\/\/brindours.com\/wp-content\/uploads\/2025\/10\/Bandeau-pole-nord-1024x478.jpg\" alt=\"\" class=\"wp-image-15\" srcset=\"https:\/\/brindours.com\/wp-content\/uploads\/2025\/10\/Bandeau-pole-nord-1024x478.jpg 1024w, https:\/\/brindours.com\/wp-content\/uploads\/2025\/10\/Bandeau-pole-nord-300x140.jpg 300w, https:\/\/brindours.com\/wp-content\/uploads\/2025\/10\/Bandeau-pole-nord-768x359.jpg 768w, https:\/\/brindours.com\/wp-content\/uploads\/2025\/10\/Bandeau-pole-nord-1536x717.jpg 1536w, https:\/\/brindours.com\/wp-content\/uploads\/2025\/10\/Bandeau-pole-nord.jpg 1951w\" sizes=\"auto, (max-width: 1024px) 100vw, 1024px\" \/><\/figure>\n\n\n\n<figure class=\"wp-block-image size-large is-style-rounded is-style-rounded--10\"><img loading=\"lazy\" decoding=\"async\" width=\"1024\" height=\"478\" data-id=\"10\" src=\"https:\/\/brindours.com\/wp-content\/uploads\/2025\/10\/Bandeau-accueil2-1024x478.jpg\" alt=\"\" class=\"wp-image-10\" srcset=\"https:\/\/brindours.com\/wp-content\/uploads\/2025\/10\/Bandeau-accueil2-1024x478.jpg 1024w, https:\/\/brindours.com\/wp-content\/uploads\/2025\/10\/Bandeau-accueil2-300x140.jpg 300w, https:\/\/brindours.com\/wp-content\/uploads\/2025\/10\/Bandeau-accueil2-768x359.jpg 768w, https:\/\/brindours.com\/wp-content\/uploads\/2025\/10\/Bandeau-accueil2-1536x717.jpg 1536w, https:\/\/brindours.com\/wp-content\/uploads\/2025\/10\/Bandeau-accueil2.jpg 1951w\" sizes=\"auto, (max-width: 1024px) 100vw, 1024px\" \/><\/figure>\n<\/figure>\n\n\n\n<div style=\"height:20px\" aria-hidden=\"true\" class=\"wp-block-spacer\"><\/div>\n\n\n\n<div class=\"wp-block-buttons is-content-justification-center is-layout-flex wp-container-core-buttons-is-layout-a89b3969 wp-block-buttons-is-layout-flex\">\n<div class=\"wp-block-button is-style-outline is-style-outline--12\"><a class=\"wp-block-button__link has-base-color has-text-color has-background has-link-color wp-element-button\" href=\"https:\/\/brindours.com\/index.php\/galerie-2\/\" style=\"border-radius:6px;background-color:#8cb4d1\">Aller \u00e0 la galerie<\/a><\/div>\n<\/div>\n<\/div>\n<\/div>\n","protected":false},"excerpt":{"rendered":"<p>Des jouets doux pour les yeux et pour les petites mains Tous nos jouets ont \u00e9t\u00e9 pens\u00e9s en observant la nature qui nous entoure. Nous avons voulu retranscrire la douceur, les couleurs et la diversit\u00e9 des animaux et des arbres qui composent notre environnement afin que chaque moment de jeu vous ram\u00e8ne un peu \u00e0 [&hellip;]<\/p>\n","protected":false},"author":1,"featured_media":0,"parent":0,"menu_order":0,"comment_status":"closed","ping_status":"closed","template":"","meta":{"footnotes":""},"class_list":["post-85","page","type-page","status-publish","hentry"],"_links":{"self":[{"href":"https:\/\/brindours.com\/index.php\/wp-json\/wp\/v2\/pages\/85","targetHints":{"allow":["GET"]}}],"collection":[{"href":"https:\/\/brindours.com\/index.php\/wp-json\/wp\/v2\/pages"}],"about":[{"href":"https:\/\/brindours.com\/index.php\/wp-json\/wp\/v2\/types\/page"}],"author":[{"embeddable":true,"href":"https:\/\/brindours.com\/index.php\/wp-json\/wp\/v2\/users\/1"}],"replies":[{"embeddable":true,"href":"https:\/\/brindours.com\/index.php\/wp-json\/wp\/v2\/comments?post=85"}],"version-history":[{"count":33,"href":"https:\/\/brindours.com\/index.php\/wp-json\/wp\/v2\/pages\/85\/revisions"}],"predecessor-version":[{"id":417,"href":"https:\/\/brindours.com\/index.php\/wp-json\/wp\/v2\/pages\/85\/revisions\/417"}],"wp:attachment":[{"href":"https:\/\/brindours.com\/index.php\/wp-json\/wp\/v2\/media?parent=85"}],"curies":[{"name":"wp","href":"https:\/\/api.w.org\/{rel}","templated":true}]}}